y = 168 + u. Calculate the greatest common divisor of 28 and y.
28
Suppose -58*v = -42*v - 256. What is the greatest common divisor of 4 and v?
4
Let u be ((-8)/10)/(6/(-15)). Let z = -2169 - -2174. Calculate the highest common divisor of u and z.
1
Let n(t) = 12*t**3 + t**2 + 2*t - 11. Let w be n(4). Calculate the highest common divisor of w and 11.
11
Let y(p) = p**2 + 12*p - 4. Let z be y(-12). Let s be (-38)/z + (4 - 14/4). What is the greatest common factor of 10 and s?
10
Let a be (9/12)/(15/100). Suppose -a*q = -5*b - 420, -7*b + 5*b = 8. Calculate the highest common divisor of 32 and q.
16
Let f be (170 + -1)/(20 - 19). Suppose -2*j + 231 = f. What is the highest common divisor of 217 and j?
31
Let g = -78 + 85. Let i be 75/24 + g/(-56). What is the highest common factor of 3 and i?
3
Let h(z) = -2*z**2 - 18*z + 20. Let u be h(-9). Calculate the highest common divisor of u and 30.
10
Let o be (-8530)/(-6) + (-70)/(-30). Calculate the greatest common divisor of o and 16.
16
Suppose 15*q + 2*w + 729 = 20*q, -447 = -3*q - 2*w. What is the greatest common divisor of q and 126?
21
Let w(r) = r**3 + 13*r**2 + 4*r + 6. Let h = 19 + -31. Let d be w(h). Calculate the highest common divisor of d and 34.
34
Suppose 4*h - 6*h - 6 = 0, -a - 4*h + 55 = 0. Suppose 6*o - o = -4*s + a, -5*s + 91 = -o. What is the highest common factor of s and 45?
9
Let q = 22 + -20. Suppose 5*b + 70 = -155. Let c be q*(-1)/(6/b). What is the highest common factor of c and 60?
15
Let t(c) = c**3 - 6*c**2 + 11*c + 5. Let d be t(4). What is the highest common divisor of d and 119?
17
Let l be (-10 + 2)*(-1 + 20/(-8)). Calculate the highest common factor of l and 7.
7
Suppose 0 = -10*h + 3*h + 1694. Suppose 0 = d - 3*d + 44. Suppose 2*g = g + d. Calculate the greatest common factor of g and h.
22
Suppose -7*h = 42*h - 20825. Calculate the highest common factor of h and 51.
17
Suppose -3*g + 8*g - 145 = -4*u, 0 = -3*g + 15. Calculate the greatest common divisor of u and 20.
10
Let v be (-8)/(-6) + 2/3. Suppose -g = -0*w - v*w + 27, 4 = 4*g. Let q be (-3)/(9/(-6)) + 96. Calculate the greatest common divisor of w and q.
14
Let y(j) be the first derivative of -4*j**3/3 + j**2/2 - 3*j - 5. Let u be y(4). Let x be (-4396)/u - (-2)/9. What is the highest common factor of x and 10?
10
Let x be (((-27)/18)/(-3))/((-1)/(-2)). Calculate the highest common divisor of 37 and x.
1
Let q be 0/(3 - 6) - -21. Let p be ((-4032)/160)/((-6)/20). Calculate the greatest common divisor of q and p.
21
Let o be (-1 + -1)/((-4)/22). Suppose -o*h = -16*h + 25. Calculate the greatest common divisor of h and 5.
5
Let a = 264 + -165. Let y = 1894 - 1885. Calculate the greatest common factor of y and a.
9
Suppose 5*n - 17 = -2*l, l = -0*n + 5*n - 29. Suppose 0 = 4*x - n - 7. Suppose -x*i + 42 = -84. What is the greatest common factor of i and 28?
14
Suppose -r = 5*c - 208, -2*r = 5*c - 387 - 24. What is the greatest common factor of r and 14?
7
Suppose n + 13 = 16. Let b(m) = m**3 + 6*m**2 + m + 10. Let d be b(-6). Calculate the greatest common divisor of n and d.
1
Suppose -29*d = -6292 + 2029. Calculate the greatest common divisor of 49 and d.
49
Suppose -x = -5*x + 424. Suppose x = 2*n - 40. Suppose 3*s - n = 2. What is the greatest common factor of s and 175?
25
Let j be ((-16)/(-12))/((-2)/(-6)). Suppose -g = j*x - 23 - 1, g = -3*x + 19. Calculate the highest common divisor of x and 55.
5
Suppose 120*t - 137*t = -8092. Calculate the highest common factor of 17 and t.
17
Let x = -4 - 9. Let n = 19 + x. What is the highest common factor of 4 and n?
2
Suppose 0 = 3*o + 4*n - 205, -5*o + 0*o = -3*n - 390. What is the highest common divisor of 85 and o?
5
Let b be (-12)/(-8)*(-4)/(-6). Let y be ((-2)/4)/(b/(-4)). What is the greatest common divisor of 4 and y?
2
Suppose 0 = -42*m + 4406 - 1046. What is the greatest common factor of 500 and m?
20
Let d be -15*(-2)/(-4 + 6). Calculate the highest common factor of d and 45.
15
Let b = 61 + -152. Let g = b + 101. Let y = 0 + 40. Calculate the highest common factor of g and y.
10
Let g be 12*(-4 + (-13)/(-3)) + -1. Suppose m + 0*m - 136 = -w, g*m = -2*w + 272. Calculate the greatest common divisor of 17 and w.
17
Let t = 473 + -441. What is the highest common divisor of t and 112?
16
Suppose -76 = -2*g - 0*g - u, 5*g = -5*u + 190. Let p = 46 - g. Suppose p*o - 3*o - 70 = 0. What is the greatest common factor of o and 14?
14
Let z(h) = -h**2 + 14*h - 13. Let w be z(12). Let f be 15*w*1/3. What is the highest common divisor of f and 55?
55
Suppose -9*l + 569 + 313 = 0. What is the greatest common divisor of l and 70?
14
Suppose 0 = 3*r - 3*k - 51, -4*r = -3*k + 7 - 70. Let c be (-1)/2*(-2 - -10). Let s be 4 + (c - (-4 - -1)). Calculate the greatest common factor of s and r.
3
Let x be (-6)/9 + 1020/18. What is the highest common divisor of x and 126?
14
Let x(t) = t**3 - 5*t + 112. Let v be x(0). Calculate the greatest common factor of v and 21.
7
Suppose 22 = -w + 46. Calculate the highest common divisor of w and 384.
24
Let y = 68 + -37. Let v(u) = -u**2 - 57*u - 779. Let m be v(-27). What is the greatest common factor of m and y?
31
Let t = -796 - -1440. Suppose -t - 266 = -7*g. What is the greatest common factor of 26 and g?
26
Let j = -34 + 22. Let n = 75 - j. What is the greatest common divisor of 58 and n?
29
Suppose 0 = -q + 1 + 1. Let y(c) = c**2 - 8*c + 10. Let h be y(7). Suppose -h*a + q + 19 = 0. What is the greatest common factor of 63 and a?
7
Let x be (-7)/14 + 87/(-6). Let w = 13 - x. What is the greatest common factor of 140 and w?
28
Let w = 851 - -423. Calculate the highest common factor of 26 and w.
26
Let b = -12 - -16. Suppose 0 = g + b - 2. Let h be (-16)/4*g/4. Calculate the greatest common factor of h and 18.
2
Suppose -2*y - 16 = -6*y. Suppose -1 - y = -p. Suppose -p*o + 59 = 3*x, 3*x - 18 - 53 = o. What is the greatest common divisor of x and 92?
23
Let c(r) be the third derivative of r**4/12 + 9*r**3/2 - 3*r**2. Let b be c(0). Let z = -1 + 4. What is the greatest common factor of b and z?
3
Let t(h) = 34*h - 132. Let c be t(4). What is the highest common factor of 44 and c?
4
Let n(i) = 2*i**3 - 6*i**2 - 37*i + 179. Let c be n(7). What is the greatest common divisor of c and 728?
104
Let q = -22 - -39. Suppose -q = -5*w + 53. Suppose -3*k = 2*g - 193, -g + 0*g + 102 = -4*k. What is the greatest common divisor of w and g?
14
Let j = -1560 + 1569. Calculate the greatest common factor of 513 and j.
9
Let b(z) = 27*z**3 + z**2 - 1. Let x be b(1). Let m be (x/(-2))/((-2)/12). Calculate the greatest common divisor of m and 9.
9
Let o = 1676 + -1560. Calculate the highest common divisor of o and 32.
4
Let z(y) = -13 - 9 + 17*y + 23. Let k be z(1). What is the greatest common divisor of k and 12?
6
Let i(l) = -128*l - 104. Let h be i(-16). Calculate the greatest common factor of h and 108.
108
Let y(t) = -17 + 7*t + 7*t - t + 3 + t**2. Let n be y(-12). Let o = n - -47. What is the greatest common divisor of 14 and o?
7
Let v be 9/(27/(-48)) + 3. Let l(x) = 2*x**2 + 14*x - 30. Let a be l(v). What is the highest common divisor of 28 and a?
14
Let b = 13 - -51. Suppose -p + 2*p = -u + b, 0 = u + 2. What is the highest common factor of p and 6?
6
Let n(f) = 7*f + 53. Let z be n(8). Suppose -73 + z = 4*k. What is the highest common factor of k and 99?
9
Suppose -b - z = -6, z = -2*b - b + 18. Suppose 0*x = -x + 2. Suppose -b*s + s + 8 = 2*t, -x = s. Calculate the highest common factor of t and 6.
3
Let g(b) = 7*b + 65. Let n be g(-5). Suppose 5*p - 67 + 7 = 0. What is the greatest common divisor of n and p?
6
Let p = -5036 - -5055. Let s(l) = 9*l + 1. Let w be s(2). What is the greatest common divisor of w and p?
19
Let i = -7 + 43. Suppose -2*u = -0*u. Let f be -4 + 7 + u + 1. Calculate the greatest common factor of f and i.
4
Let j be (3/6)/(1/22). Suppose l + 9 = j. Suppose -5*k + l*w = -125, -5*k - w - w = -125. Calculate the highest common divisor of 25 and k.
25
Let i = 0 + 0. Suppose -4*t + 4 = -q, 3*t + 2*q = 4*t + 6. Suppose 0 = -t*y - i*y + 5*f + 47, -5*f = y + 14. What is the greatest common factor of 121 and y?
11
Suppose -9*c = 36*c - 1800. What is the highest common factor of c and 2960?
40
Suppose -16*k = -794 - 102. Suppose